{"id":22,"date":"2025-02-18T00:38:11","date_gmt":"2025-02-18T00:38:11","guid":{"rendered":"https:\/\/viparlare.mx\/?post_type=product&#038;p=22"},"modified":"2025-06-23T18:47:17","modified_gmt":"2025-06-23T18:47:17","slug":"cursos-de-ingles-basicos","status":"publish","type":"product","link":"https:\/\/viparlare.mx\/?product=cursos-de-ingles-basicos","title":{"rendered":"Curso de Ingl\u00e9s Elemental"},"content":{"rendered":"<p data-start=\"1064\" data-end=\"1276\"><strong data-start=\"1099\" data-end=\"1137\">Miles ya lo est\u00e1n haciendo\u2026 \u00bfy t\u00fa?<\/strong><br data-start=\"1137\" data-end=\"1140\" \/><strong data-start=\"1140\" data-end=\"1210\">\u00a1Domina el ingl\u00e9s desde tu casa y cambia tu historia para siempre!<\/strong><br data-start=\"1210\" data-end=\"1213\" \/><strong data-start=\"1213\" data-end=\"1276\">Inscr\u00edbete hoy y obt\u00e9n una \u00bb clase muestra gratis \u00bb + acceso inmediato.<\/strong><\/p>\n<p data-start=\"1278\" data-end=\"1355\"><strong data-start=\"1281\" data-end=\"1355\">Haz clic en \u201cAgregar al carrito\u201d y comienza a cumplir todos tus sue\u00f1os con el ingl\u00e9s .<\/strong><\/p>\n","protected":false},"excerpt":{"rendered":"<h3 data-start=\"301\" data-end=\"367\">\u00a1Empieza desde cero y alcanza lo que nunca cre\u00edste posible!<\/h3>\n<p>&nbsp;<\/p>\n<p data-start=\"369\" data-end=\"552\"><strong data-start=\"369\" data-end=\"416\">\u00bfCansado de sentirte perdido con el ingl\u00e9s?<\/strong><br data-start=\"416\" data-end=\"419\" \/>Este es el curso que <strong data-start=\"440\" data-end=\"481\">cambia tu vida desde la primera clase<\/strong>. No necesitas experiencia previa, solo las ganas de mejorar tu futuro.<\/p>\n<p data-start=\"554\" data-end=\"763\"><strong data-start=\"557\" data-end=\"595\">Dise\u00f1ado para principiantes reales<\/strong>, con clases din\u00e1micas, did\u00e1cticas y f\u00e1ciles de seguir. Aprender\u00e1s a leer, hablar y entender ingl\u00e9s en situaciones cotidianas <strong data-start=\"721\" data-end=\"762\">de forma natural y sin complicaciones<\/strong>.<\/p>\n<p data-start=\"765\" data-end=\"780\"><strong data-start=\"768\" data-end=\"780\">Incluye:<\/strong><\/p>\n<ul>\n<li> 16 horas al mes (4 horas por semana)<\/li>\n<li>\u200d Clases personalizadas 6 alumnos, din\u00e1micas y 100% pr\u00e1cticas<\/li>\n<li> Libro B\u00e1sico del curso + materiales descargables<\/li>\n<li> Audios y videos en ingl\u00e9s Brit\u00e1nico y Americano<\/li>\n<li> BONUS GRATIS: Gu\u00eda pr\u00e1ctica en PDF con todos los <strong>tiempos verbales en ingl\u00e9s <\/strong>al iniciar tu curso.<\/li>\n<\/ul>\n","protected":false},"featured_media":64,"comment_status":"open","ping_status":"closed","template":"","meta":{"site-sidebar-layout":"default","site-content-layout":"","ast-site-content-layout":"default","site-content-style":"default","site-sidebar-style":"default","ast-global-header-display":"","ast-banner-title-visibility":"","ast-main-header-display":"","ast-hfb-above-header-display":"","ast-hfb-below-header-display":"","ast-hfb-mobile-header-display":"","site-post-title":"","ast-breadcrumbs-content":"","ast-featured-img":"","footer-sml-layout":"","ast-disable-related-posts":"","theme-transparent-header-meta":"default","adv-header-id-meta":"","stick-header-meta":"","header-above-stick-meta":"","header-main-stick-meta":"","header-below-stick-meta":"","astra-migrate-meta-layouts":"set","ast-page-background-enabled":"default","ast-page-background-meta":{"desktop":{"background-color":"var(--ast-global-color-5)","background-image":"","background-repeat":"repeat","background-position":"center center","background-size":"auto","background-attachment":"scroll","background-type":"","background-media":"","overlay-type":"","overlay-color":"","overlay-opacity":"","overlay-gradient":""},"tablet":{"background-color":"","background-image":"","background-repeat":"repeat","background-position":"center center","background-size":"auto","background-attachment":"scroll","background-type":"","background-media":"","overlay-type":"","overlay-color":"","overlay-opacity":"","overlay-gradient":""},"mobile":{"background-color":"","background-image":"","background-repeat":"repeat","background-position":"center center","background-size":"auto","background-attachment":"scroll","background-type":"","background-media":"","overlay-type":"","overlay-color":"","overlay-opacity":"","overlay-gradient":""}},"ast-content-background-meta":{"desktop":{"background-color":"var(--ast-global-color-4)","background-image":"","background-repeat":"repeat","background-position":"center center","background-size":"auto","background-attachment":"scroll","background-type":"","background-media":"","overlay-type":"","overlay-color":"","overlay-opacity":"","overlay-gradient":""},"tablet":{"background-color":"var(--ast-global-color-4)","background-image":"","background-repeat":"repeat","background-position":"center center","background-size":"auto","background-attachment":"scroll","background-type":"","background-media":"","overlay-type":"","overlay-color":"","overlay-opacity":"","overlay-gradient":""},"mobile":{"background-color":"var(--ast-global-color-4)","background-image":"","background-repeat":"repeat","background-position":"center center","background-size":"auto","background-attachment":"scroll","background-type":"","background-media":"","overlay-type":"","overlay-color":"","overlay-opacity":"","overlay-gradient":""}},"_joinchat":[]},"product_brand":[20],"product_cat":[18],"product_tag":[],"class_list":{"0":"post-22","1":"product","2":"type-product","3":"status-publish","4":"has-post-thumbnail","6":"product_brand-cursos","7":"product_cat-cursos","8":"desktop-align-left","9":"tablet-align-left","10":"mobile-align-left","12":"first","13":"instock","14":"shipping-taxable","15":"purchasable","16":"product-type-simple"},"_links":{"self":[{"href":"https:\/\/viparlare.mx\/index.php?rest_route=\/wp\/v2\/product\/22","targetHints":{"allow":["GET"]}}],"collection":[{"href":"https:\/\/viparlare.mx\/index.php?rest_route=\/wp\/v2\/product"}],"about":[{"href":"https:\/\/viparlare.mx\/index.php?rest_route=\/wp\/v2\/types\/product"}],"replies":[{"embeddable":true,"href":"https:\/\/viparlare.mx\/index.php?rest_route=%2Fwp%2Fv2%2Fcomments&post=22"}],"version-history":[{"count":7,"href":"https:\/\/viparlare.mx\/index.php?rest_route=\/wp\/v2\/product\/22\/revisions"}],"predecessor-version":[{"id":569,"href":"https:\/\/viparlare.mx\/index.php?rest_route=\/wp\/v2\/product\/22\/revisions\/569"}],"wp:featuredmedia":[{"embeddable":true,"href":"https:\/\/viparlare.mx\/index.php?rest_route=\/wp\/v2\/media\/64"}],"wp:attachment":[{"href":"https:\/\/viparlare.mx\/index.php?rest_route=%2Fwp%2Fv2%2Fmedia&parent=22"}],"wp:term":[{"taxonomy":"product_brand","embeddable":true,"href":"https:\/\/viparlare.mx\/index.php?rest_route=%2Fwp%2Fv2%2Fproduct_brand&post=22"},{"taxonomy":"product_cat","embeddable":true,"href":"https:\/\/viparlare.mx\/index.php?rest_route=%2Fwp%2Fv2%2Fproduct_cat&post=22"},{"taxonomy":"product_tag","embeddable":true,"href":"https:\/\/viparlare.mx\/index.php?rest_route=%2Fwp%2Fv2%2Fproduct_tag&post=22"}],"curies":[{"name":"wp","href":"https:\/\/api.w.org\/{rel}","templated":true}]}}