{"id":18,"date":"2025-02-17T23:51:28","date_gmt":"2025-02-17T23:51:28","guid":{"rendered":"https:\/\/viparlare.mx\/?post_type=product&#038;p=18"},"modified":"2025-06-23T18:43:50","modified_gmt":"2025-06-23T18:43:50","slug":"ingles-hablado","status":"publish","type":"product","link":"https:\/\/viparlare.mx\/?product=ingles-hablado","title":{"rendered":"Ingl\u00e9s Real Americano"},"content":{"rendered":"<p><strong>\u00a1Si solo aprendes ingl\u00e9s de libro, sonar\u00e1s como un robot!<\/strong><br \/>\n<strong>Inscr\u00edbete ahora y empieza a hablar como un Nativo desde la primera clase.<\/strong><\/p>\n<p> Agrega al carrito y domina el ingl\u00e9s que realmente se habla en EE.UU.<\/p>\n","protected":false},"excerpt":{"rendered":"<h3>\u00a1Aprende el ingl\u00e9s que realmente se habla en la calle, no solo el de los libros!<\/h3>\n<p>\u00bfSabes gram\u00e1tica pero no entiendes pel\u00edculas, series o conversaciones reales?<br \/>\nNuestro <strong>Curso de Ingl\u00e9s Real Americano<\/strong> te ense\u00f1a el lenguaje cotidiano de EE.UU.: expresiones, jerga, modismos y pronunciaci\u00f3n <strong>tal como se usa en la vida real<\/strong>.<\/p>\n<p><strong>Incluye:<\/strong><\/p>\n<ul>\n<li>16 horas al mes (4 horas por semana)<\/li>\n<li>\ufe0f Clases did\u00e1cticas basadas en conversaciones reales<\/li>\n<li>\ufe0f Situaciones reales, restaurantes, bolos, playa, reuniones.<\/li>\n<li>Material con expresiones idiom\u00e1ticas y slang americano<\/li>\n<li>BONUS PDF: : Gu\u00eda pr\u00e1ctica en PDF con todos los <strong>tiempos verbales en ingl\u00e9s <\/strong>al iniciar tu curso.<\/li>\n<\/ul>\n","protected":false},"featured_media":70,"comment_status":"open","ping_status":"closed","template":"","meta":{"site-sidebar-layout":"default","site-content-layout":"","ast-site-content-layout":"default","site-content-style":"default","site-sidebar-style":"default","ast-global-header-display":"","ast-banner-title-visibility":"","ast-main-header-display":"","ast-hfb-above-header-display":"","ast-hfb-below-header-display":"","ast-hfb-mobile-header-display":"","site-post-title":"","ast-breadcrumbs-content":"","ast-featured-img":"","footer-sml-layout":"","ast-disable-related-posts":"","theme-transparent-header-meta":"default","adv-header-id-meta":"","stick-header-meta":"","header-above-stick-meta":"","header-main-stick-meta":"","header-below-stick-meta":"","astra-migrate-meta-layouts":"set","ast-page-background-enabled":"default","ast-page-background-meta":{"desktop":{"background-color":"var(--ast-global-color-5)","background-image":"","background-repeat":"repeat","background-position":"center center","background-size":"auto","background-attachment":"scroll","background-type":"","background-media":"","overlay-type":"","overlay-color":"","overlay-opacity":"","overlay-gradient":""},"tablet":{"background-color":"","background-image":"","background-repeat":"repeat","background-position":"center center","background-size":"auto","background-attachment":"scroll","background-type":"","background-media":"","overlay-type":"","overlay-color":"","overlay-opacity":"","overlay-gradient":""},"mobile":{"background-color":"","background-image":"","background-repeat":"repeat","background-position":"center center","background-size":"auto","background-attachment":"scroll","background-type":"","background-media":"","overlay-type":"","overlay-color":"","overlay-opacity":"","overlay-gradient":""}},"ast-content-background-meta":{"desktop":{"background-color":"var(--ast-global-color-4)","background-image":"","background-repeat":"repeat","background-position":"center center","background-size":"auto","background-attachment":"scroll","background-type":"","background-media":"","overlay-type":"","overlay-color":"","overlay-opacity":"","overlay-gradient":""},"tablet":{"background-color":"var(--ast-global-color-4)","background-image":"","background-repeat":"repeat","background-position":"center center","background-size":"auto","background-attachment":"scroll","background-type":"","background-media":"","overlay-type":"","overlay-color":"","overlay-opacity":"","overlay-gradient":""},"mobile":{"background-color":"var(--ast-global-color-4)","background-image":"","background-repeat":"repeat","background-position":"center center","background-size":"auto","background-attachment":"scroll","background-type":"","background-media":"","overlay-type":"","overlay-color":"","overlay-opacity":"","overlay-gradient":""}},"_joinchat":[]},"product_brand":[20],"product_cat":[18],"product_tag":[],"class_list":{"0":"post-18","1":"product","2":"type-product","3":"status-publish","4":"has-post-thumbnail","6":"product_brand-cursos","7":"product_cat-cursos","8":"desktop-align-left","9":"tablet-align-left","10":"mobile-align-left","12":"first","13":"instock","14":"shipping-taxable","15":"purchasable","16":"product-type-simple"},"_links":{"self":[{"href":"https:\/\/viparlare.mx\/index.php?rest_route=\/wp\/v2\/product\/18","targetHints":{"allow":["GET"]}}],"collection":[{"href":"https:\/\/viparlare.mx\/index.php?rest_route=\/wp\/v2\/product"}],"about":[{"href":"https:\/\/viparlare.mx\/index.php?rest_route=\/wp\/v2\/types\/product"}],"replies":[{"embeddable":true,"href":"https:\/\/viparlare.mx\/index.php?rest_route=%2Fwp%2Fv2%2Fcomments&post=18"}],"version-history":[{"count":5,"href":"https:\/\/viparlare.mx\/index.php?rest_route=\/wp\/v2\/product\/18\/revisions"}],"predecessor-version":[{"id":567,"href":"https:\/\/viparlare.mx\/index.php?rest_route=\/wp\/v2\/product\/18\/revisions\/567"}],"wp:featuredmedia":[{"embeddable":true,"href":"https:\/\/viparlare.mx\/index.php?rest_route=\/wp\/v2\/media\/70"}],"wp:attachment":[{"href":"https:\/\/viparlare.mx\/index.php?rest_route=%2Fwp%2Fv2%2Fmedia&parent=18"}],"wp:term":[{"taxonomy":"product_brand","embeddable":true,"href":"https:\/\/viparlare.mx\/index.php?rest_route=%2Fwp%2Fv2%2Fproduct_brand&post=18"},{"taxonomy":"product_cat","embeddable":true,"href":"https:\/\/viparlare.mx\/index.php?rest_route=%2Fwp%2Fv2%2Fproduct_cat&post=18"},{"taxonomy":"product_tag","embeddable":true,"href":"https:\/\/viparlare.mx\/index.php?rest_route=%2Fwp%2Fv2%2Fproduct_tag&post=18"}],"curies":[{"name":"wp","href":"https:\/\/api.w.org\/{rel}","templated":true}]}}